ose 2*n + v = 4*n. Calculate the remainder when n is divided by 15.
13
Suppose -6*s + 15 = -s, -i = -s. What is the remainder when 7 is divided by i?
1
Let v = -23 + 13. Let z = 17 + v. Let x(r) = -r**2 + 9*r - 6. Calculate the remainder when x(6) is divided by z.
5
Let n be (-5)/(-3) + (-2)/(-6). Suppose -7 = -c + n. Let t(g) = g**3 - 10*g**2 - 12*g + 16. What is the remainder when c is divided by t(11)?
4
Let x = 6 - 5. Calculate the remainder when 34 is divided by -2 - x/(-1) - -13.
10
Suppose 0 = -5*p - 2 - 8. Let f(l) = -3*l - 2. Let x be f(p). Suppose -i + 13 = x*v + 3, 2 = i - 4*v. What is the remainder when 11 is divided by i?
5
Let q(b) = -b + 4. Let s be q(3). Suppose -3*a + 11 = -s. Let x(n) = -n**2 - 8*n - 5. What is the remainder when a is divided by x(-7)?
0
Let s(a) = -9*a - 13. What is the remainder when s(-4) is divided by 6?
5
Suppose 0 = 4*a + y + 254, 5*y = a - 2*a - 54. Let f = 157 - 67. Let s = a + f. What is the remainder when s is divided by 9?
8
Suppose z + 4*z = 75. What is the remainder when 57 is divided by z?
12
Suppose 5 + 47 = 4*f. Calculate the remainder when 24 is divided by f.
11
Calculate the remainder when (1/(-2))/((-6)/804) is divided by 18.
13
Suppose 5*t - 3*t - 10 = 0. Suppose -s = t*j - j - 14, -5*j = 2*s - 19. Calculate the remainder when s is divided by 1.
0
Let x(z) = z**3 + 5*z**2 - 8*z - 6. What is the remainder when 99 is divided by x(-5)?
31
Let u(x) = 4*x - 5. What is the remainder when u(6) is divided by 7?
5
Suppose 0 = -10*q + 12*q - 30. What is the remainder when 44 is divided by q?
14
Calculate the remainder when 25 is divided by -3 + 10 + 20/5.
3
Suppose 0 = 4*w - 46 - 22. Suppose 2*v + 171 = 305. What is the remainder when v is divided by w?
16
Calculate the remainder when (-1 + -1)/(1/(-6)) is divided by 0 + (-1)/((-1)/7).
5
Let o = -224 - -329. What is the remainder when 43 is divided by (o/12 + -3)*4?
20
What is the remainder when 16 is divided by (1*9)/(-6 - -7)?
7
Let x(w) = -2*w + 7. Let n be 12/9*-1*6. Calculate the remainder when (-8)/(-64) - 255/n is divided by x(-5).
15
Let l(c) = c**3 - 7*c**2 + 5*c - 17. Calculate the remainder when 47 is divided by l(7).
11
Suppose -5*g + 2*r + 53 = 0, -4*g - 2*r + 26 + 20 = 0. Calculate the remainder when 30 is divided by g.
8
Let a be (22 - 0)/(2/(-4)). Let b = a - -77. What is the remainder when b is divided by ((-34)/(-4))/(2/4)?
16
Let u be 28/(-6)*(-3)/1. Suppose -4*v = -r + 28, 2*v - 3*r = 2*r - u. Let a = v - -43. Calculate the remainder when a is divided by 19.
17
Suppose -4*z - 3*a - 4 = a, -5*a = -z + 17. Suppose 4*x - 54 - 1 = -3*f, -4*x = -f - 3. Let r = f - z. Calculate the remainder when r is divided by 4.
3
Suppose 3*j = 2*l, -3*l + 1 = -2*j + 6. Suppose 5*i + 2*k - 44 = 2*i, -2*k = -3*i + 40. Calculate the remainder when i is divided by 2/j - (-7 - -1).
4
Let g(p) = p**3 + 19*p**2 + 15*p - 36. What is the remainder when 156 is divided by g(-18)?
12
Let y = 49 + -24. Let z(p) = -6*p + 1. Suppose -w + 6*w = -10. What is the remainder when y is divided by z(w)?
12
Let r be 4/(-3 + 28/12). Let o = r - -10. Calculate the remainder when o is divided by (6/8)/(2/8).
1
Let n be (-3)/(2*3/(-6)). Suppose n*x = 5*i + 60, 13 + 32 = 2*x - 5*i. Calculate the remainder when x is divided by 4.
3
Let v = 12 - -3. Let k = 42 - -1. What is the remainder when k is divided by v?
13
Suppose 2*n - 5*v = 80, 3*v = -0 - 6. Let d = 1 - 1. Suppose d = 3*r - 4*t + 9 - 45, 2*t = 0. Calculate the remainder when n is divided by r.
11
Suppose -v + 5*p - 209 = -3*v, -3*v + 303 = -3*p. Calculate the remainder when v is divided by 35.
32
Let t be (-5 + 2)/((-4)/100). Calculate the remainder when (-467)/(-15) + (-10)/t is divided by 9.
4
Suppose 5*s - 10*s = -640. What is the remainder when s is divided by 33?
29
Suppose 0 = -d - 3*g + 47, 5*d = 3*g - 119 + 336. Calculate the remainder when d is divided by 9.
8
Let a be 1 + (-2 - -1) + 0. Suppose 4*z - 5*f - 183 = a, f - 91 = -2*z + 4*f. Let r(x) = -2*x + 6. What is the remainder when z is divided by r(-5)?
15
Suppose -3*a + 23 = 5*j, -a = a - 2. Suppose -2*l + 7 + 15 = 0. Calculate the remainder when l is divided by j.
3
Suppose w = -4*l + 1 + 1, -5 = 3*w + l. Calculate the remainder when 40 - ((-6)/w + 0) is divided by 13.
11
Suppose -6*q - 120 = -10*q. What is the remainder when 89 is divided by q?
29
Let t be 6*((-4)/12)/(-1). What is the remainder when t/(-8) - 485/(-20) is divided by 9?
6
Suppose 5*z = -5*t + 140, 0 = 3*t - 5*z + z - 70. Calculate the remainder when 77 is divided by t.
25
Suppose k + 12 = 86. What is the remainder when k is divided by 7?
4
Let m = -9 + 9. Suppose -5*z = -m*y + 2*y - 4, 3*z + 24 = y. What is the remainder when y is divided by (1 + 4 - -2)*1?
5
Let n be 0 - (1 + -1) - 2. Suppose -3*f = -2*x + 7*x - 62, -f + 22 = 2*x. What is the remainder when f is divided by 7 + -1 - (-4 - n)?
6
Let l(k) = -k**3 - 2*k**2 + 15*k**2 + 10 - 3*k**2. Calculate the remainder when l(10) is divided by 6.
4
Suppose 0 = 2*l + 2*m - 7*m - 234, -l - 3*m = -106. What is the remainder when 579/7 + 32/l is divided by 28?
27
Let q be 4*-1*50/(-40). Suppose -3*f = 17 - 2, -q*r - f = 0. Calculate the remainder when 1 is divided by r.
0
Suppose -4*w = 5*m + 313 - 795, -361 = -4*m + 5*w. What is the remainder when m is divided by 33?
28
Let h = -40 - -54. Calculate the remainder when 33 is divided by h.
5
Let p(w) be the third derivative of -3*w**2 - 1/60*w**5 + 5/24*w**4 + 0*w + 1/2*w**3 + 0. Calculate the remainder when 7 is divided by p(5).
1
Let w(u) = u**2 - 2*u - 2. Let s be w(3). Let y be (s - -17)/(2/(-2)). What is the remainder when 5 is divided by 4/y - 87/(-27)?
2
Let o = 6 - 2. Suppose -2*x = -3*x - 4*s - 15, -o*x + 30 = -2*s. Calculate the remainder when 9 is divided by x.
4
Let j = -17 + 9. Let a = 0 - j. Let s = 732 + -710. What is the remainder when s is divided by a?
6
Suppose -408 = 5*q - 22*q. Suppose -b + 0*b + 13 = 0. What is the remainder when q is divided by b?
11
Suppose -3 = -5*q + 12. Suppose 0 = q*m + 2*t - 191, -5*m + 4*t + 32 = -301. Suppose 2*s - 75 = m. What is the remainder when s is divided by 18?
16
Let v be 14/(-8)*16/4. Let a = -6 - v. What is the remainder when 64 is divided by (22 + (a - 1))/1?
20
Suppose 3*o - l - 215 = l, 2*o - 3*l = 135. What is the remainder when o is divided by 19?
18
Let d(f) = -4*f - 1. Let t(i) = i**2 - 9*i - 4. Let b be t(9). What is the remainder when 29 is divided by d(b)?
14
What is the remainder when (5 - 2) + 92/2 is divided by 17?
15
Suppose 5*w + 5*o = 150, -4*w + 3*o + 2*o = -84. Calculate the remainder when 75 is divided by w.
23
Let b = 52 + -28. Suppose 0*p - b = -3*p. Suppose 2 = h - p. Calculate the remainder when 28 is divided by h.
8
What is the remainder when 9 is divided by 1 + 4 - (-2 - -1)?
3
Let p be 1 + 1 - 10/2. Calculate the remainder when p/(19/(-9) + 2) is divided by (-6)/(-24) - 78/(-8).
7
Let g = 7 - 1. Calculate the remainder when 13 - 7/((-14)/(-8)) is divided by g.
3
Suppose 95 = 6*o - o. Let k(n) = -n - 4. Calculate the remainder when o is divided by k(-8).
3
Let u(a) = -13*a - 2. Calculate the remainder when u(-6) is divided by 16.
12
Suppose -3*j = -j + 3*l, 2*l = -4. Let y = 0 - -2. What is the remainder when j is divided by y?
1
Let a = 100 + -43. Suppose f = -24 + a. Suppose -2*q + 4*h + 34 = -0*h, -q - 2*h = -f. What is the remainder when q is divided by 14?
11
Suppose 3*d = 4*s - 430, -d + 154 = s + 50. Let u(q) = q**3 - 5*q**2 - 2*q + 3. Calculate the remainder when s is divided by u(6).
25
Let m(i) = -i**3 + 5*i**2 + 8*i - 6. Let u be m(6). Let j(b) = -4*b + 11*b - b**3 + b - 2 + 5*b**2. Calculate the remainder when j(u) is divided by 4.
2
Suppose -3*i + 110 + 166 = 0. Suppose 2*w = -2*w + i. Let a = w - 13. Calculate the remainder when a is divided by 4.
2
Suppose 2*l + 10 = 7*l. Let g(d) = -d**3 + 8*d**2 + 9*d + 4. Let a be g(9). Suppose -6 = c - a*c. What is the remainder when c is divided by l?
0
Let l(w) = w**2 - 7*w - 9. Let m be l(8). Calculate the remainder when 10 is divided by -1 - ((-6 - m) + 0).
2
Suppose 5*a + 148 = 4*x, a - 111 = -3*x + 6*a. What is the remainder when x is divided by 10?
7
Let q(a) = -a**2 - 11*a - 9. Let w(n) be the third derivative of n**5/30 - n**3/6 + 2*n**2. What is